475 and 190.
95
What is the highest common divisor of 12 and 153?
3
What is the greatest common divisor of 949 and 146?
73
What is the greatest common divisor of 462 and 33?
33
What is the greatest common divisor of 1903 and 11?
11
Calculate the highest common factor of 255 and 425.
85
What is the highest common divisor of 224 and 2048?
32
What is the highest common factor of 85 and 11645?
85
Calculate the greatest common factor of 345 and 165.
15
What is the highest common divisor of 201 and 6?
3
Calculate the highest common divisor of 180 and 108.
36
Calculate the highest common divisor of 98 and 7.
7
What is the highest common factor of 87 and 290?
29
Calculate the greatest common divisor of 320 and 368.
16
Calculate the highest common divisor of 96321 and 291.
291
Calculate the greatest common factor of 8399 and 333.
37
What is the greatest common factor of 565 and 113?
113
Calculate the highest common divisor of 126 and 84.
42
What is the greatest common divisor of 330 and 75?
15
What is the highest common divisor of 54 and 10?
2
Calculate the greatest common divisor of 21 and 336.
21
What is the highest common divisor of 704 and 66?
22
Calculate the highest common divisor of 212 and 3339.
53
Calculate the greatest common divisor of 693 and 261.
9
Calculate the highest common factor of 651 and 28.
7
What is the greatest common factor of 34768 and 16?
16
Calculate the greatest common divisor of 6115 and 5.
5
Calculate the highest common divisor of 20 and 12070.
10
Calculate the highest common divisor of 140 and 3290.
70
What is the greatest common divisor of 747 and 166?
83
Calculate the highest common factor of 2261 and 38.
19
Calculate the highest common factor of 2505 and 60.
15
Calculate the highest common divisor of 6290 and 85.
85
Calculate the highest common divisor of 72 and 96.
24
What is the greatest common factor of 64 and 832?
64
Calculate the greatest common factor of 639 and 6.
3
Calculate the greatest common divisor of 16 and 2092.
4
Calculate the greatest common divisor of 105 and 20.
5
What is the highest common divisor of 133 and 28861?
133
What is the greatest common factor of 49 and 35?
7
What is the highest common factor of 3584 and 56?
56
What is the highest common divisor of 747 and 83?
83
Calculate the greatest common divisor of 75 and 8675.
25
What is the highest common factor of 28 and 64?
4
Calculate the greatest common factor of 799 and 646.
17
What is the highest common divisor of 44 and 3289?
11
What is the highest common divisor of 140 and 525?
35
What is the highest common factor of 56 and 3962?
14
Calculate the greatest common factor of 972 and 18792.
324
What is the greatest common divisor of 170 and 102?
34
Calculate the greatest common factor of 4 and 188.
4
Calculate the greatest common divisor of 135 and 1395.
45
What is the greatest common divisor of 407 and 11?
11
Calculate the greatest common divisor of 74 and 5846.
74
What is the greatest common divisor of 8961 and 927?
309
Calculate the greatest common factor of 16093 and 399.
133
What is the greatest common factor of 13 and 1261?
13
Calculate the greatest common divisor of 3 and 78.
3
What is the highest common divisor of 740 and 60?
20
What is the greatest common divisor of 629 and 442?
17
What is the greatest common factor of 497 and 21?
7
What is the highest common factor of 3 and 313?
1
What is the highest common divisor of 96260 and 20?
20
Calculate the highest common factor of 5495 and 35.
35
What is the greatest common divisor of 56 and 8?
8
Calculate the greatest common factor of 2290 and 50.
10
What is the highest common factor of 1030 and 309?
103
Calculate the greatest common factor of 171 and 456.
57
What is the highest common factor of 40 and 472?
8
Calculate the highest common factor of 15638 and 42.
14
What is the highest common divisor of 305 and 61?
61
Calculate the greatest common divisor of 3043 and 51.
17
What is the highest common factor of 19 and 608?
19
What is the highest common factor of 611 and 104?
13
What is the highest common factor of 105 and 150?
15
What is the highest common factor of 450 and 3750?
150
What is the highest common divisor of 46 and 23?
23
What is the greatest common factor of 10 and 386?
2
What is the highest common factor of 329 and 7?
7
Calculate the highest common factor of 14 and 126.
14
What is the greatest common factor of 15 and 20?
5
What is the highest common divisor of 24 and 472?
8
What is the greatest common factor of 46827 and 33?
33
What is the highest common divisor of 92 and 253?
23
Calculate the highest common divisor of 55 and 88.
11
What is the highest common factor of 33 and 9?
3
Calculate the highest common divisor of 96 and 216.
24
Calculate the greatest common divisor of 171 and 18.
9
Calculate the highest common divisor of 875 and 425.
25
Calculate the greatest common divisor of 8 and 232.
8
Calculate the highest common divisor of 3409 and 7.
7
What is the greatest common factor of 126 and 406?
14
Calculate the highest common divisor of 38049 and 33.
33
Calculate the highest common divisor of 52 and 1079.
13
What is the greatest common divisor of 31 and 98611?
31
What is the greatest common factor of 260 and 220?
20
What is the highest common factor of 776 and 582?
194
Calculate the greatest common factor of 25 and 50.
25
What is the highest common divisor of 391 and 17?
17
What is the highest common factor of 64 and 8?
8
What is the highest common divisor of 46651 and 11?
11
What is the highest common divisor of 651 and 186?
93
Calculate the greatest common divisor of 3196 and 51.
17
Calculate the highest common divisor of 506 and 15433.
253
What is the highest common divisor of 10668 and 36?
12
Calculate the highest common factor of 434 and 70.
14
Calculate the greatest common factor of 33271 and 1029.
343
Calculate the greatest common divisor of 76 and 900.
4
Calculate the greatest common divisor of 26 and 3146.
26
Calculate the greatest common factor of 3344 and 76.
76
Calculate the highest common divisor of 45 and 5121.
9
Calculate the highest common divisor of 6 and 112.
2
What is the greatest common divisor of 8 and 136?
8
What is the greatest common divisor of 368 and 16?
16
What is the highest common factor of 61 and 1403?
61
What is the greatest common factor of 76 and 42484?
76
What is the greatest common factor of 1148 and 140?
28
What is the highest common factor of 5454 and 54?
54
Calculate the highest common divisor of 6318 and 26.
26
Calculate the highest common factor of 60 and 204.
12
What is the highest common factor of 119 and 221?
17
What is the highest common divisor of 527 and 155?
31
What is the greatest common divisor of 1540 and 11340?
140
What is the greatest common divisor of 406 and 42?
14
Calculate the highest common factor of 16324 and 11.
11
What is the greatest common divisor of 290 and 232?
58
What is the greatest common factor of 6 and 174?
6
What is the highest common divisor of 870 and 30?
30
What is the greatest common divisor of 105 and 280?
35
What is the greatest common factor of 3 and 2769?
3
What is the highest common divisor of 352 and 22?
22
Calculate the highest common factor of 1247 and 58.
29
Calculate the greatest common divisor of 16 and 74384.
16
What is the highest common factor of 44 and 4268?
44
What is the greatest common factor of 2358 and 45?
9
What is the highest common divisor of 54 and 16560?
18
Calculate the greatest common divisor of 9 and 9.
9
What is the greatest common factor of 3440 and 645?
215
Calculate the highest common divisor of 29737 and 131.
131
Calculate the highest common factor of 831 and 12.
3
Calculate the highest common divisor of 28568 and 8.
8
Calculate the highest common divisor of 308 and 132.
44
Calculate the highest common factor of 36 and 207.
9
What is the greatest common divisor of 32 and 8?
8
Calculate the highest common factor of 1508 and 52.
52
What is the greatest common divisor of 6875 and 110?
55
What is the highest common divisor of 48 and 264?
24
Calculate the greatest common divisor of 65895 and 46.
23
Calculate the greatest common factor of 25 and 255.
5
Calculate the highest common factor of 205 and 41.
41
Calculate the greatest common factor of 884 and 104.
52
What is the 